{"id":645,"date":"2020-04-27T18:03:59","date_gmt":"2020-04-27T16:03:59","guid":{"rendered":"http:\/\/lindenegg-biel.ch\/a-propos\/"},"modified":"2025-03-18T15:10:16","modified_gmt":"2025-03-18T14:10:16","slug":"a-propos","status":"publish","type":"page","link":"https:\/\/lindenegg-biel.ch\/fr\/a-propos\/","title":{"rendered":"A propos"},"content":{"rendered":"\t\t<div data-elementor-type=\"wp-page\" data-elementor-id=\"645\" class=\"elementor elementor-645 elementor-232\" data-elementor-post-type=\"page\">\n\t\t\t\t\t\t<section class=\"elementor-section elementor-top-section elementor-element elementor-element-5c9f7c7 elementor-section-stretched elementor-section-full_width elementor-section-content-space-evenly elementor-section-height-min-height elementor-section-items-stretch elementor-section-height-default\" data-id=\"5c9f7c7\" data-element_type=\"section\" data-e-type=\"section\" data-settings=\"{&quot;stretch_section&quot;:&quot;section-stretched&quot;}\">\n\t\t\t\t\t\t<div class=\"elementor-container elementor-column-gap-default\">\n\t\t\t\t\t<div class=\"elementor-column elementor-col-50 elementor-top-column elementor-element elementor-element-fb38147\" data-id=\"fb38147\" data-element_type=\"column\" data-e-type=\"column\" id=\"ColScrollLeft\" data-settings=\"{&quot;background_background&quot;:&quot;classic&quot;}\">\n\t\t\t<div class=\"elementor-widget-wrap elementor-element-populated\">\n\t\t\t\t\t\t<div class=\"elementor-element elementor-element-4293bfa elementor-widget elementor-widget-text-editor\" data-id=\"4293bfa\" data-element_type=\"widget\" data-e-type=\"widget\" data-widget_type=\"text-editor.default\">\n\t\t\t\t<div class=\"elementor-widget-container\">\n\t\t\t\t\t\t\t\t\t<p>\u00c9difice historique, v\u00e9ritable oasis de calme et de verdure au c\u0153ur de la ville de Bienne, la Villa Lindenegg est un lieu d\u2019exception. L\u2019H\u00f4tel et le Restaurant ainsi que son splendide jardin vous invitent \u00e0 la d\u00e9tente et aux plaisirs de la table. Depuis son ouverture en 1996, cette tr\u00e8s belle villa de style n\u00e9o-classique a acquis une notori\u00e9t\u00e9 qui d\u00e9passe notre r\u00e9gion. Nos pr\u00e9d\u00e9cesseurs lui ont donn\u00e9 une \u00e2me, et il nous tient \u00e0 c\u0153ur de pr\u00e9server ses caract\u00e9ristiques qui en font une propri\u00e9t\u00e9 soign\u00e9e, ouverte et chaleureuse. Nous souhaitons perp\u00e9tuer cette tradition avec notre \u00e9quipe, tout en y apportant notre propre style.<\/p>\n\t\t\t\t\t\t\t\t<\/div>\n\t\t\t\t<\/div>\n\t\t\t\t<div class=\"elementor-element elementor-element-7bb7b2d elementor-widget elementor-widget-image\" data-id=\"7bb7b2d\" data-element_type=\"widget\" data-e-type=\"widget\" data-widget_type=\"image.default\">\n\t\t\t\t<div class=\"elementor-widget-container\">\n\t\t\t\t\t\t\t\t\t\t\t\t\t\t\t<img fetchpriority=\"high\" decoding=\"async\" width=\"1024\" height=\"734\" src=\"https:\/\/lindenegg-biel.ch\/wp-content\/uploads\/2020\/05\/Lindenegg-uber-uns2-web-1024x734.jpg\" class=\"attachment-large size-large wp-image-783\" alt=\"\" srcset=\"https:\/\/lindenegg-biel.ch\/wp-content\/uploads\/2020\/05\/Lindenegg-uber-uns2-web-1024x734.jpg 1024w, https:\/\/lindenegg-biel.ch\/wp-content\/uploads\/2020\/05\/Lindenegg-uber-uns2-web-300x215.jpg 300w, https:\/\/lindenegg-biel.ch\/wp-content\/uploads\/2020\/05\/Lindenegg-uber-uns2-web-768x551.jpg 768w, https:\/\/lindenegg-biel.ch\/wp-content\/uploads\/2020\/05\/Lindenegg-uber-uns2-web-1536x1102.jpg 1536w, https:\/\/lindenegg-biel.ch\/wp-content\/uploads\/2020\/05\/Lindenegg-uber-uns2-web.jpg 1920w\" sizes=\"(max-width: 1024px) 100vw, 1024px\" \/>\t\t\t\t\t\t\t\t\t\t\t\t\t\t\t<\/div>\n\t\t\t\t<\/div>\n\t\t\t\t<div class=\"elementor-element elementor-element-d8b597e elementor-widget elementor-widget-text-editor\" data-id=\"d8b597e\" data-element_type=\"widget\" data-e-type=\"widget\" data-widget_type=\"text-editor.default\">\n\t\t\t\t<div class=\"elementor-widget-container\">\n\t\t\t\t\t\t\t\t\t<p>Mais autre chose encore nous lie intimement \u00e0 ce lieu. Avant de devenir propri\u00e9t\u00e9 de la Ville de Bienne, la Villa Lindenegg a appartenu \u00e0 Robert Gr\u00fcnig, l\u2019arri\u00e8re-grand-p\u00e8re de Lucie Kunz. Ce pass\u00e9 explique aussi les raisons pour lesquelles la Villa Lindenegg nous tient tant \u00e0 c\u0153ur. Ainsi, nous sommes particuli\u00e8rement heureux\u00b7se de pouvoir apporter un nouveau chapitre \u00e0 cette histoire de famille.<\/p>\n\t\t\t\t\t\t\t\t<\/div>\n\t\t\t\t<\/div>\n\t\t\t\t<div class=\"elementor-element elementor-element-e2d8da6 elementor-widget elementor-widget-heading\" data-id=\"e2d8da6\" data-element_type=\"widget\" data-e-type=\"widget\" data-widget_type=\"heading.default\">\n\t\t\t\t<div class=\"elementor-widget-container\">\n\t\t\t\t\t<h2 class=\"elementor-heading-title elementor-size-default\"><a href=\"\/wp-content\/uploads\/2020\/05\/Geschichte_Lindenegg_DE.pdf\">\u2192 Histoire de la Villa Lindenegg <\/a><\/h2>\t\t\t\t<\/div>\n\t\t\t\t<\/div>\n\t\t\t\t<div class=\"elementor-element elementor-element-6414c68 elementor-widget elementor-widget-spacer\" data-id=\"6414c68\" data-element_type=\"widget\" data-e-type=\"widget\" data-widget_type=\"spacer.default\">\n\t\t\t\t<div class=\"elementor-widget-container\">\n\t\t\t\t\t\t\t<div class=\"elementor-spacer\">\n\t\t\t<div class=\"elementor-spacer-inner\"><\/div>\n\t\t<\/div>\n\t\t\t\t\t\t<\/div>\n\t\t\t\t<\/div>\n\t\t\t\t\t<\/div>\n\t\t<\/div>\n\t\t\t\t<div class=\"elementor-column elementor-col-50 elementor-top-column elementor-element elementor-element-ff11727\" data-id=\"ff11727\" data-element_type=\"column\" data-e-type=\"column\" id=\"ColScrollRight\" data-settings=\"{&quot;background_background&quot;:&quot;classic&quot;}\">\n\t\t\t<div class=\"elementor-widget-wrap elementor-element-populated\">\n\t\t\t\t\t\t<div class=\"elementor-element elementor-element-76cc48e elementor--h-position-center elementor--v-position-middle elementor-widget elementor-widget-slides\" data-id=\"76cc48e\" data-element_type=\"widget\" data-e-type=\"widget\" data-settings=\"{&quot;navigation&quot;:&quot;none&quot;,&quot;autoplay&quot;:&quot;yes&quot;,&quot;pause_on_hover&quot;:&quot;yes&quot;,&quot;pause_on_interaction&quot;:&quot;yes&quot;,&quot;autoplay_speed&quot;:5000,&quot;infinite&quot;:&quot;yes&quot;,&quot;transition&quot;:&quot;slide&quot;,&quot;transition_speed&quot;:500}\" data-widget_type=\"slides.default\">\n\t\t\t\t<div class=\"elementor-widget-container\">\n\t\t\t\t\t\t\t\t\t<div class=\"elementor-swiper\">\n\t\t\t\t\t<div class=\"elementor-slides-wrapper elementor-main-swiper swiper\" role=\"region\" aria-roledescription=\"carousel\" aria-label=\"Diapositives\" dir=\"ltr\" data-animation=\"fadeInUp\">\n\t\t\t\t<div class=\"swiper-wrapper elementor-slides\">\n\t\t\t\t\t\t\t\t\t\t<div class=\"elementor-repeater-item-00bf914 swiper-slide\" role=\"group\" aria-roledescription=\"slide\"><div class=\"swiper-slide-bg\" role=\"img\" aria-label=\"_ND50286w\"><\/div><div class=\"swiper-slide-inner\" ><div class=\"swiper-slide-contents\"><\/div><\/div><\/div><div class=\"elementor-repeater-item-ea5677e swiper-slide\" role=\"group\" aria-roledescription=\"slide\"><div class=\"swiper-slide-bg\" role=\"img\" aria-label=\"Lindenegg-uber-uns-web\"><\/div><div class=\"swiper-slide-inner\" ><div class=\"swiper-slide-contents\"><\/div><\/div><\/div><div class=\"elementor-repeater-item-cda5cb9 swiper-slide\" role=\"group\" aria-roledescription=\"slide\"><div class=\"swiper-slide-bg\" role=\"img\" aria-label=\"kleinersaal\"><\/div><div class=\"swiper-slide-inner\" ><div class=\"swiper-slide-contents\"><\/div><\/div><\/div>\t\t\t\t<\/div>\n\t\t\t\t\t\t\t\t\t\t\t\t\t\t\t\t\t\t\t\t\t<\/div>\n\t\t\t\t<\/div>\n\t\t\t\t\t\t\t\t<\/div>\n\t\t\t\t<\/div>\n\t\t\t\t<div class=\"elementor-element elementor-element-001ca39 elementor-widget elementor-widget-text-editor\" data-id=\"001ca39\" data-element_type=\"widget\" data-e-type=\"widget\" data-widget_type=\"text-editor.default\">\n\t\t\t\t<div class=\"elementor-widget-container\">\n\t\t\t\t\t\t\t\t\t<p><a href=\"https:\/\/www.formitable.cooking\/\">Formitable<\/a> est une entreprise de catering que nous, Lucie Kunz et Florian Heiniger, avons fond\u00e9e \u00e0 Bienne. L\u2019id\u00e9e est n\u00e9e de notre d\u00e9sir de cuisiner des plats hors du commun et d\u2019offrir \u00e0 notre client\u00e8le des moments uniques. Riches de nos exp\u00e9riences respectives et de nos diff\u00e9rents int\u00e9r\u00eats qui se compl\u00e8tent bien, nous associons art culinaire et culture. Nous ch\u00e9rissons le souci du d\u00e9tail ainsi qu\u2019une approche nouvelle de la gastronomie. La Villa Lindenegg est pour nous l\u2019occasion d\u2019exploiter pleinement toutes nos qualit\u00e9s.<\/p>\n\t\t\t\t\t\t\t\t<\/div>\n\t\t\t\t<\/div>\n\t\t\t\t<div class=\"elementor-element elementor-element-93f83cc elementor-widget elementor-widget-spacer\" data-id=\"93f83cc\" data-element_type=\"widget\" data-e-type=\"widget\" data-widget_type=\"spacer.default\">\n\t\t\t\t<div class=\"elementor-widget-container\">\n\t\t\t\t\t\t\t<div class=\"elementor-spacer\">\n\t\t\t<div class=\"elementor-spacer-inner\"><\/div>\n\t\t<\/div>\n\t\t\t\t\t\t<\/div>\n\t\t\t\t<\/div>\n\t\t\t\t\t<\/div>\n\t\t<\/div>\n\t\t\t\t\t<\/div>\n\t\t<\/section>\n\t\t\t\t<\/div>\n\t\t","protected":false},"excerpt":{"rendered":"<p>\u00c9difice historique, v\u00e9ritable oasis de calme et de verdure au c\u0153ur de la ville de Bienne, la Villa Lindenegg est un lieu d\u2019exception. L\u2019H\u00f4tel et le Restaurant ainsi que son splendide jardin vous invitent \u00e0 la d\u00e9tente et aux plaisirs de la table. Depuis son ouverture en 1996, cette tr\u00e8s belle villa de style n\u00e9o-classique &hellip; <a href=\"https:\/\/lindenegg-biel.ch\/fr\/a-propos\/\">Continued<\/a><\/p>\n","protected":false},"author":1,"featured_media":0,"parent":0,"menu_order":0,"comment_status":"closed","ping_status":"closed","template":"","meta":{"footnotes":""},"class_list":["post-645","page","type-page","status-publish","hentry"],"_links":{"self":[{"href":"https:\/\/lindenegg-biel.ch\/fr\/wp-json\/wp\/v2\/pages\/645","targetHints":{"allow":["GET"]}}],"collection":[{"href":"https:\/\/lindenegg-biel.ch\/fr\/wp-json\/wp\/v2\/pages"}],"about":[{"href":"https:\/\/lindenegg-biel.ch\/fr\/wp-json\/wp\/v2\/types\/page"}],"author":[{"embeddable":true,"href":"https:\/\/lindenegg-biel.ch\/fr\/wp-json\/wp\/v2\/users\/1"}],"replies":[{"embeddable":true,"href":"https:\/\/lindenegg-biel.ch\/fr\/wp-json\/wp\/v2\/comments?post=645"}],"version-history":[{"count":10,"href":"https:\/\/lindenegg-biel.ch\/fr\/wp-json\/wp\/v2\/pages\/645\/revisions"}],"predecessor-version":[{"id":3494,"href":"https:\/\/lindenegg-biel.ch\/fr\/wp-json\/wp\/v2\/pages\/645\/revisions\/3494"}],"wp:attachment":[{"href":"https:\/\/lindenegg-biel.ch\/fr\/wp-json\/wp\/v2\/media?parent=645"}],"curies":[{"name":"wp","href":"https:\/\/api.w.org\/{rel}","templated":true}]}}

<div data-elementor-type="wp-page" data-elementor-id="645" class="elementor elementor-645 elementor-232" data-elementor-post-type="page">
						<section class="elementor-section elementor-top-section elementor-element elementor-element-5c9f7c7 elementor-section-stretched elementor-section-full_width elementor-section-content-space-evenly elementor-section-height-min-height elementor-section-items-stretch elementor-section-height-default" data-id="5c9f7c7" data-element_type="section" data-e-type="section" data-settings="{&quot;stretch_section&quot;:&quot;section-stretched&quot;}">
						<div class="elementor-container elementor-column-gap-default">
					<div class="elementor-column elementor-col-50 elementor-top-column elementor-element elementor-element-fb38147" data-id="fb38147" data-element_type="column" data-e-type="column" id="ColScrollLeft" data-settings="{&quot;background_background&quot;:&quot;classic&quot;}">
			<div class="elementor-widget-wrap elementor-element-populated">
						<div class="elementor-element elementor-element-4293bfa elementor-widget elementor-widget-text-editor" data-id="4293bfa" data-element_type="widget" data-e-type="widget" data-widget_type="text-editor.default">
				<div class="elementor-widget-container">
									<p>Édifice historique, véritable oasis de calme et de verdure au cœur de la ville de Bienne, la Villa Lindenegg est un lieu d’exception. L’Hôtel et le Restaurant ainsi que son splendide jardin vous invitent à la détente et aux plaisirs de la table. Depuis son ouverture en 1996, cette très belle villa de style néo-classique a acquis une notoriété qui dépasse notre région. Nos prédécesseurs lui ont donné une âme, et il nous tient à cœur de préserver ses caractéristiques qui en font une propriété soignée, ouverte et chaleureuse. Nous souhaitons perpétuer cette tradition avec notre équipe, tout en y apportant notre propre style.</p>
								</div>
				</div>
				<div class="elementor-element elementor-element-7bb7b2d elementor-widget elementor-widget-image" data-id="7bb7b2d" data-element_type="widget" data-e-type="widget" data-widget_type="image.default">
				<div class="elementor-widget-container">
															<img fetchpriority="high" decoding="async" width="1024" height="734" src="https://lindenegg-biel.ch/wp-content/uploads/2020/05/Lindenegg-uber-uns2-web-1024x734.jpg" class="attachment-large size-large wp-image-783" alt="" srcset="https://lindenegg-biel.ch/wp-content/uploads/2020/05/Lindenegg-uber-uns2-web-1024x734.jpg 1024w, https://lindenegg-biel.ch/wp-content/uploads/2020/05/Lindenegg-uber-uns2-web-300x215.jpg 300w, https://lindenegg-biel.ch/wp-content/uploads/2020/05/Lindenegg-uber-uns2-web-768x551.jpg 768w, https://lindenegg-biel.ch/wp-content/uploads/2020/05/Lindenegg-uber-uns2-web-1536x1102.jpg 1536w, https://lindenegg-biel.ch/wp-content/uploads/2020/05/Lindenegg-uber-uns2-web.jpg 1920w" sizes="(max-width: 1024px) 100vw, 1024px" />															</div>
				</div>
				<div class="elementor-element elementor-element-d8b597e elementor-widget elementor-widget-text-editor" data-id="d8b597e" data-element_type="widget" data-e-type="widget" data-widget_type="text-editor.default">
				<div class="elementor-widget-container">
									<p>Mais autre chose encore nous lie intimement à ce lieu. Avant de devenir propriété de la Ville de Bienne, la Villa Lindenegg a appartenu à Robert Grünig, l’arrière-grand-père de Lucie Kunz. Ce passé explique aussi les raisons pour lesquelles la Villa Lindenegg nous tient tant à cœur. Ainsi, nous sommes particulièrement heureux·se de pouvoir apporter un nouveau chapitre à cette histoire de famille.</p>
								</div>
				</div>
				<div class="elementor-element elementor-element-e2d8da6 elementor-widget elementor-widget-heading" data-id="e2d8da6" data-element_type="widget" data-e-type="widget" data-widget_type="heading.default">
				<div class="elementor-widget-container">
					<h2 class="elementor-heading-title elementor-size-default"><a href="/wp-content/uploads/2020/05/Geschichte_Lindenegg_DE.pdf">→ Histoire de la Villa Lindenegg </a></h2>				</div>
				</div>
				<div class="elementor-element elementor-element-6414c68 elementor-widget elementor-widget-spacer" data-id="6414c68" data-element_type="widget" data-e-type="widget" data-widget_type="spacer.default">
				<div class="elementor-widget-container">
							<div class="elementor-spacer">
			<div class="elementor-spacer-inner"></div>
		</div>
						</div>
				</div>
					</div>
		</div>
				<div class="elementor-column elementor-col-50 elementor-top-column elementor-element elementor-element-ff11727" data-id="ff11727" data-element_type="column" data-e-type="column" id="ColScrollRight" data-settings="{&quot;background_background&quot;:&quot;classic&quot;}">
			<div class="elementor-widget-wrap elementor-element-populated">
						<div class="elementor-element elementor-element-76cc48e elementor--h-position-center elementor--v-position-middle elementor-widget elementor-widget-slides" data-id="76cc48e" data-element_type="widget" data-e-type="widget" data-settings="{&quot;navigation&quot;:&quot;none&quot;,&quot;autoplay&quot;:&quot;yes&quot;,&quot;pause_on_hover&quot;:&quot;yes&quot;,&quot;pause_on_interaction&quot;:&quot;yes&quot;,&quot;autoplay_speed&quot;:5000,&quot;infinite&quot;:&quot;yes&quot;,&quot;transition&quot;:&quot;slide&quot;,&quot;transition_speed&quot;:500}" data-widget_type="slides.default">
				<div class="elementor-widget-container">
									<div class="elementor-swiper">
					<div class="elementor-slides-wrapper elementor-main-swiper swiper" role="region" aria-roledescription="carousel" aria-label="Diapositives" dir="ltr" data-animation="fadeInUp">
				<div class="swiper-wrapper elementor-slides">
										<div class="elementor-repeater-item-00bf914 swiper-slide" role="group" aria-roledescription="slide"><div class="swiper-slide-bg" role="img" aria-label="_ND50286w"></div><div class="swiper-slide-inner" ><div class="swiper-slide-contents"></div></div></div><div class="elementor-repeater-item-ea5677e swiper-slide" role="group" aria-roledescription="slide"><div class="swiper-slide-bg" role="img" aria-label="Lindenegg-uber-uns-web"></div><div class="swiper-slide-inner" ><div class="swiper-slide-contents"></div></div></div><div class="elementor-repeater-item-cda5cb9 swiper-slide" role="group" aria-roledescription="slide"><div class="swiper-slide-bg" role="img" aria-label="kleinersaal"></div><div class="swiper-slide-inner" ><div class="swiper-slide-contents"></div></div></div>				</div>
																					</div>
				</div>
								</div>
				</div>
				<div class="elementor-element elementor-element-001ca39 elementor-widget elementor-widget-text-editor" data-id="001ca39" data-element_type="widget" data-e-type="widget" data-widget_type="text-editor.default">
				<div class="elementor-widget-container">
									<p><a href="https://www.formitable.cooking/">Formitable</a> est une entreprise de catering que nous, Lucie Kunz et Florian Heiniger, avons fondée à Bienne. L’idée est née de notre désir de cuisiner des plats hors du commun et d’offrir à notre clientèle des moments uniques. Riches de nos expériences respectives et de nos différents intérêts qui se complètent bien, nous associons art culinaire et culture. Nous chérissons le souci du détail ainsi qu’une approche nouvelle de la gastronomie. La Villa Lindenegg est pour nous l’occasion d’exploiter pleinement toutes nos qualités.</p>
								</div>
				</div>
				<div class="elementor-element elementor-element-93f83cc elementor-widget elementor-widget-spacer" data-id="93f83cc" data-element_type="widget" data-e-type="widget" data-widget_type="spacer.default">
				<div class="elementor-widget-container">
							<div class="elementor-spacer">
			<div class="elementor-spacer-inner"></div>
		</div>
						</div>
				</div>
					</div>
		</div>
					</div>
		</section>
				</div>

<p>Édifice historique, véritable oasis de calme et de verdure au cœur de la ville de Bienne, la Villa Lindenegg est un lieu d’exception. L’Hôtel et le Restaurant ainsi que son splendide jardin vous invitent à la détente et aux plaisirs de la table. Depuis son ouverture en 1996, cette très belle villa de style néo-classique &hellip; <a href="https://lindenegg-biel.ch/fr/a-propos/">Continued</a></p>
